 124097?
124097
List the prime factors of 1295024.
2, 29, 2791
What are the prime factors of 342053?
401, 853
What are the prime factors of 722034?
2, 3, 4457
List the prime factors of 265257.
3, 29473
List the prime factors of 1163280.
2, 3, 5, 37, 131
List the prime factors of 16602861.
3, 11, 89, 5653
List the prime factors of 717567.
3, 53, 4513
What are the prime factors of 7349170?
2, 5, 31, 151, 157
What are the prime factors of 421040?
2, 5, 19, 277
List the prime factors of 272205.
3, 5, 23, 263
What are the prime factors of 5517185?
5, 1103437
List the prime factors of 237759.
3, 41, 1933
List the prime factors of 8976744.
2, 3, 7, 1979
What are the prime factors of 72338?
2, 7, 5167
List the prime factors of 1464765.
3, 5, 97651
List the prime factors of 56703.
3, 41, 461
List the prime factors of 203691.
3, 43, 1579
List the prime factors of 285762.
2, 3, 97, 491
What are the prime factors of 193825?
5, 7753
What are the prime factors of 5757929?
5757929
What are the prime factors of 211977?
3, 2617
List the prime factors of 3099135.
3, 5, 13, 23, 691
List the prime factors of 5945794.
2, 2972897
List the prime factors of 114167.
114167
What are the prime factors of 3203510?
2, 5, 109, 2939
List the prime factors of 475809.
3, 199, 797
List the prime factors of 218664.
2, 3, 3037
What are the prime factors of 483821?
13, 37217
What are the prime factors of 1444030?
2, 5, 7, 421
What are the prime factors of 4323878?
2, 13, 166303
List the prime factors of 1484016.
2, 3, 43, 719
List the prime factors of 854112.
2, 3, 7, 31, 41
List the prime factors of 4081763.
7, 719, 811
What are the prime factors of 2340225?
3, 5, 3467
What are the prime factors of 4502553?
3, 11, 47, 2903
List the prime factors of 290944.
2, 2273
What are the prime factors of 171635?
5, 34327
What are the prime factors of 10844723?
113, 95971
What are the prime factors of 4167279?
3, 463031
List the prime factors of 2200342.
2, 1100171
What are the prime factors of 591535?
5, 7, 16901
What are the prime factors of 3629714?
2, 11, 164987
What are the prime factors of 1958983?
13, 31, 4861
What are the prime factors of 3720108?
2, 3, 7, 67, 661
List the prime factors of 12164553.
3, 197, 2287
List the prime factors of 457623.
3, 17, 997
List the prime factors of 2671203.
3, 43, 20707
What are the prime factors of 100506?
2, 3, 7, 2393
What are the prime factors of 181172?
2, 45293
What are the prime factors of 86383?
11, 7853
What are the prime factors of 232025?
5, 9281
List the prime factors of 30363193.
7, 619657
List the prime factors of 7746243.
3, 19, 135899
List the prime factors of 531270.
2, 3, 5, 5903
List the prime factors of 5096632.
2, 637079
What are the prime factors of 16134725?
5, 31, 109, 191
What are the prime factors of 2184168?
2, 3, 7, 13001
List the prime factors of 111683.
11, 13, 71
What are the prime factors of 555608?
2, 199, 349
List the prime factors of 2979551.
2979551
List the prime factors of 740282.
2, 17, 21773
What are the prime factors of 432643?
179, 2417
What are the prime factors of 215088?
2, 3, 4481
What are the prime factors of 5846136?
2, 3, 243589
List the prime factors of 259043.
83, 3121
What are the prime factors of 57939?
3, 7, 31, 89
What are the prime factors of 2237620?
2, 5, 7, 11, 1453
What are the prime factors of 718176?
2, 3, 7481
What are the prime factors of 15559666?
2, 7779833
List the prime factors of 334381.
19, 17599
What are the prime factors of 1023429?
3, 11, 31013
What are the prime factors of 8793944?
2, 661, 1663
What are the prime factors of 2198825?
5, 281, 313
List the prime factors of 539202.
2, 3, 89867
What are the prime factors of 855643?
337, 2539
List the prime factors of 263287.
263287
What are the prime factors of 2477423?
13, 149, 1279
List the prime factors of 607633.
13, 43, 1087
List the prime factors of 84421.
84421
What are the prime factors of 173428?
2, 191, 227
List the prime factors of 3621138.
2, 3, 603523
List the prime factors of 85819.
85819
List the prime factors of 52529.
52529
List the prime factors of 4003990.
2, 5, 431, 929
List the prime factors of 14238.
2, 3, 7, 113
List the prime factors of 807347.
17, 47491
List the prime factors of 2950938.
2, 3, 54647
What are the prime factors of 1046644?
2, 53, 4937
List the prime factors of 683403.
3, 7, 4649
What are the prime factors of 10797297?
3, 7, 1499
List the prime factors of 855628.
2, 409, 523
List the prime factors of 273692.
2, 53, 1291
List the prime factors of 5485027.
1229, 4463
List the prime factors of 17259.
3, 11, 523
What are the prime factors of 245358?
2, 3, 43, 317
What are the prime factors of 1978376?
2, 67, 3691
List the prime factors of 10916402.
2, 7, 31, 25153
List the prime factors of 224177.
224177
List the prime factors of 195351.
3, 13, 5009
List the prime factors of 1196950.
2, 5, 37, 647
List the prime factors of 13767851.
47, 292933
List the prime factors of 750420.
2, 3, 5, 11, 379
What are the prime factors of 35813?
59, 607
What are the prime factors of 49637?
7, 1013
List the prime factors of 15124955.
5, 3024991
What are the prime factors of 127822?
2, 79, 809
List the prime factors of 2500196.
2, 173, 3613
List the prime factors of 486009.
3, 54001
List the prime factors of 12446229.
3, 71, 823
List the prime factors of 735029.
17, 43237
List the prime factors of 24226779.
3, 31, 89, 2927
What are the prime factors of 241752?
2, 3, 7, 1439
What are the prime factors of 10790305?
5, 2158061
List the prime factors of 179228.
2, 7, 37, 173
List the prime factors of 1155504.
2, 3, 7, 19, 181
What are the prime factors of 34336754?
2, 29, 263, 2251
List the prime factors of 286135.
5, 89, 643
List the prime factors of 39277.
7, 31, 181
List the prime factors of 30864109.
61, 505969
What are the prime factors of 5746260?
2, 3, 5, 13, 53, 139
What are the prime factors of 105400?
2, 5, 17, 31
What are the prime factors of 1401620?
2, 5, 11, 23, 277
What are the prime factors of 685866?
2, 3, 114311
What are the prime factors of 7666195?
5, 1533239
What are the prime factors of 479574?
2, 3, 83, 107
What are the prime factors of 443235?
3, 5, 13, 2273
What are the prime factors of 1024837?
11, 151, 617
What are the prime factors of 1027369?
7, 146767
List the prime factors of 39379.
53, 743
List the prime factors of 210201.
3, 70067
What are the prime factors of 672262?
2, 43, 7817
List the prime factors of 8682734.
2, 19, 41, 5573
List the prime factors of 1873164.
2, 3, 139, 1123
What are the prime factors of 6797330?
2, 5, 679733
List the prime factors of 15836.
2, 37, 107
What are the prime factors of 22681993?
2953, 7681
List the prime factors of 1138902.
2, 3, 189817
What are the prime factors of 370372?
2, 92593
List the prime factors of 102321.
3, 11369
What are the prime factors of 6964636?
2, 7, 248737
List the prime factors of 182038.
2, 91019
List the prime factors of 23022519.
3, 13, 590321
What are the prime factors of 2175048?
2, 3, 17, 1777
List the prime factors of 373295.
5, 13, 5743
List the prime factors of 262370.
2, 5, 26237
What are the prime factors of 7027577?
7027577
What are the prime factors of 9745517?
1151, 8467
List the prime factors of 3853299.
3, 1284433
What are the prime factors of 4610621?
17, 367, 739
List the prime factors of 556565.
5, 157, 709
What are the prime factors of 24509061?
3, 302581
What are the prime factors of 18650542?
2, 9325271
What are the prime factors of 8000087?
8000087
What are the prime factors of 802214?
2, 7, 57301
List the prime factors of 29497723.
523, 56401
What are the prime factors of 149486?
2, 41, 1823
What are the prime factors of 122454?
2, 3, 6803
What are the prime factors of 455122?
2, 227561
List the prime factors of 846110.
2, 5, 211, 401
List the prime factors of 44424.
2, 3, 617
List the prime factors of 305135.
5, 61027
What are the prime factors of 11574004?
2, 13, 73, 3049
List the prime factors of 401551.
401551
What are the prime factors of 656473?
29, 22637
List the prime factors of 198175.
5, 7927
List the prime factors of 4939793.
2179, 2267
What are the prime factors of 1562733?
3, 59, 109
List the prime factors of 3768976.
2, 103, 2287
List the prime factors of 1358902.
2, 679451
List the prime 